nder when r(g) is divided by f?
30
Suppose -4*p + 4*k = -1028, -39*p + k - 1008 = -43*p. Calculate the remainder when 501 is divided by p.
248
Suppose -3*a = 2*o - 91, 4*a - 144 = 7*o - 4*o. Suppose 82*q - 2597 = a*q. What is the remainder when q is divided by 31?
22
Suppose -v - 5*y - 6 = -30, 8 = 4*v - 2*y. Suppose -68 = -5*l + 4*r, -9*l - 2*r = -v*l - 56. Calculate the remainder when 105 is divided by l.
9
Let j(v) = 20*v**2 + 52*v - 5. Calculate the remainder when 1174 is divided by j(-3).
15
Let w(d) = -84*d + 5819. Calculate the remainder when 2590 is divided by w(59).
1
Suppose 0 = 21*b - 54 + 201. Suppose 2*v - 1 = -41. Let d = b - v. Calculate the remainder when 88 is divided by d.
10
What is the remainder when 1443 is divided by (-12 - -10)*(-6)/(-4) - -133?
13
Let u = 9624 - 9622. Suppose 3*s - 19 = 50. Suppose -3*x - j + s = 0, x - 4*j = u - 3. What is the remainder when 12 is divided by x?
5
Suppose 0*s = s + 208. What is the remainder when (-9)/(36/s) + (13 - 13) is divided by 18?
16
What is the remainder when 288449/178*(-2 - (-18)/7) is divided by 103?
102
Suppose 2808 = 40*f - 1192. Calculate the remainder when f is divided by 5.
0
Let z be ((-66)/44)/(6/(-8)). Suppose -2*q - 2*q = -3*j + 61, -z*q = -4*j + 98. Suppose 0 = 4*n + n - 70. Calculate the remainder when j is divided by n.
13
Let d(q) = 5*q + 85. Let m be d(-14). Calculate the remainder when 174 is divided by (m + 0)/(85/(-20) + 5).
14
Let o = -476 - -940. Let h = o + -449. What is the remainder when 85 is divided by h?
10
Suppose 381*h - 12240 = 279*h. What is the remainder when 2291 is divided by h?
11
Suppose 88*o = 487 + 833. What is the remainder when 110 is divided by o?
5
Let r = -281 + -112. Let d = r - -446. What is the remainder when d is divided by 30?
23
Suppose 288365 + 53071 = 450*p - 56814. Calculate the remainder when p is divided by 38.
11
Suppose 2*k + 516 = 30*j - 26*j, 5*k - 530 = -4*j. What is the remainder when 1024 is divided by j?
114
Suppose 8*i - 1319 - 2737 = 0. Suppose 0 = -512*c + i*c + 305. Calculate the remainder when 423 is divided by c.
57
Let d(j) = -2*j**2 + 70*j - 119. What is the remainder when 1 + 1141/(0 + 1) is divided by d(33)?
11
Let j(x) = 17*x**2 + 5*x. Let p be j(2). Suppose 7*m = -b + 12*m + 78, 2*m - p = -b. What is the remainder when b is divided by 20?
18
Let x(y) = y**3 - 2*y**2 - y - 4. Let u be x(0). Let f be (-4 + 4 + 1)/(u/16). What is the remainder when (-1314)/(-18) + 2*(-2)/f is divided by 19?
17
Suppose -1342 = 3*h - 14*h. Let l = h - 112. Let n = 82 + -49. Calculate the remainder when n is divided by l.
3
Suppose 0 = 4*s - 5*g - 239, 5*s - g - 227 = s. Suppose -4*i = 2*m - 1006, 14*i - 9*i = 8*i - 3. Calculate the remainder when m is divided by s.
53
Let q(x) = -55*x + 1977. What is the remainder when q(34) is divided by 43?
21
Let z be 299/39 - 10/6. Suppose -5*g + 632 = -2*k, k + 424 = 4*g - 84. What is the remainder when g is divided by (176/28 - z) + 598/14?
42
Let i = 88 - 52. Suppose i = 7*p - 104. Calculate the remainder when 319 is divided by p.
19
Suppose 12016 = -a + 12034. Calculate the remainder when 483 is divided by a.
15
Let u(z) = z**2 - 16*z - 54. Let h be u(19). Suppose -5*n + h = -7. Calculate the remainder when n is divided by 2.
0
Let k = 116 - 140. Calculate the remainder when (((-304)/k)/(-2))/((-1)/9) is divided by 20.
17
Let h(s) = 6*s**2 + 64*s - 85. What is the remainder when h(-32) is divided by 59?
58
Suppose o - 13 = -k + 11, 5*o - 92 = 2*k. Let q(p) = p**3 - 7*p**2 + 3*p - 15. What is the remainder when q(8) is divided by o?
13
Let x(b) = -15*b - 16. Let y be x(-3). Let f = -27 + y. Suppose -f*i + 123 = 71. What is the remainder when i is divided by 9?
8
Calculate the remainder when (-11 - (-230)/20)/((-12588)/6296 + 2) is divided by 5.
2
Let n(x) = -15*x - 117. Suppose 0 = -37*j + 25*j - 132. What is the remainder when n(j) is divided by 17?
14
Calculate the remainder when 707 is divided by 28/34*(-3426)/(-12) + 2/(-17).
2
Let s = 206 - 496. Let m = s + 318. What is the remainder when 83 is divided by m?
27
Let v(o) = o**2 - 13*o - 862. What is the remainder when 79 - (3 + -1 - -1) is divided by v(37)?
24
Let y(k) = 11*k + 149. Let m be y(-13). Suppose -m*c + 354 - 48 = 0. What is the remainder when 136 is divided by c?
34
Let s(v) = -v**2 + 12*v - 7. What is the remainder when 69/(-299) - 4380/(-52) is divided by s(8)?
9
Suppose 7*p - 6*p - 336 = -3*c, 0 = 4*c + 3*p - 438. What is the remainder when 409 is divided by c?
67
Let a = 105 - 106. Suppose 4*f = -20, 5*d + 4*f - 631 = -196. Calculate the remainder when d is divided by 34 + 6/((-3)/(-1))*a.
27
Suppose -5*y = -3*z + 3545, -9*y = -2*z - 10*y + 2359. Calculate the remainder when z is divided by 18.
10
Let v = 518 + -466. Suppose 2*r - 7 = -o, 4*o + 5*r + 15 = v. Calculate the remainder when 115 is divided by o.
11
Let k be 2 + (-6)/(-3) - 1. Let i be ((-18)/k)/(3 + (-27)/6). Suppose 0 = i*u - 19 - 129. What is the remainder when 184 is divided by u?
36
Let a = 19354 + -16696. Calculate the remainder when a is divided by 41.
34
Suppose 2*i - 54 = 12. Suppose g - c = c - 6, 5*c = -2*g + i. What is the remainder when g/(-14) - (820/7)/(-4) is divided by 11?
7
What is the remainder when (-2 + (-19)/(-2))*(-58 + 70) is divided by -9 - (-49 - (6 + -9))?
16
Let w(a) = -3*a - 8. Let u = 75 - 85. Let t = 55 + -42. What is the remainder when w(u) is divided by t?
9
Let x(f) = 6*f**2 - 20*f + 9. Suppose -3*z - 4*c + 196 = 0, -284 = -5*z + 4*c - 0*c. What is the remainder when z is divided by x(4)?
10
Let q = -23 + 21. Let i be 2/6*(q - -1)*-33. Suppose 0 = -4*b - 3*y + 54, 4*y - 3 = -i. Calculate the remainder when 59 is divided by b.
14
Calculate the remainder when ((-309)/(-22))/(4/72) - 164/(-902) is divided by 49.
8
Let r(n) = 202*n - 27. Let x be r(3). Let p = -249 + x. Calculate the remainder when p is divided by 37.
34
What is the remainder when 5307 is divided by (-2)/(-9) - (-16536)/2862?
3
Let v = -3111 + 3147. What is the remainder when 174 is divided by v?
30
Suppose 7668 = -19*s + 486. Suppose -4*t + u = -6 - 1, t = 2*u - 7. Calculate the remainder when t is divided by s/(-105) + 3/(-5).
0
Let m = -3 + 5. Suppose 0 = -2*g + 5 - 1. What is the remainder when g - (6/(-5))/((-6)/(-15)) is divided by m?
1
Let f(d) = -3*d**3 - d**2 + 15*d + 28. Suppose 2*k = 4*q + 2, -8 = -3*q - 2*k - 20. What is the remainder when f(q) is divided by 4/16 + (-43)/(-4)?
7
Let s(c) = 3*c**2 - 92*c - 25. Let t be s(31). Suppose 0 = -2*g - 3*l + 51, -3*g - 3*l = -t*g + 54. Calculate the remainder when 22 is divided by g.
1
Suppose 0 = 5*s - 4*i + 25, 0*s + 5*i = -2*s - 10. Let c(l) = -2*l + 4. Calculate the remainder when 3/5 + (-2678)/(-70) - (1770/105 - 17) is divided by c(s).
11
Let u = 72 - -98. What is the remainder when u is divided by 62?
46
Let a = -69 - -79. Suppose 2*v + 5*x = 4*v + 11, -5*v + x = -30. Let u = a - v. Calculate the remainder when 4 is divided by u.
1
Suppose 30*c - 33*c - 88 + 2371 = 0. Calculate the remainder when c is divided by 24.
17
Let p(u) = u**3 - 4*u**2 + 2*u + 5. Suppose 0 = 3*g - r - 16 - 16, -3*g + 4*r + 47 = 0. Calculate the remainder when p(6) is divided by 132/g + (-3)/(-9).
14
Let b(h) = 2*h**2 - 115*h - 40. Calculate the remainder when 1851 is divided by b(-4).
43
Let v = 68 - 38. Suppose 5*h + 58 - 73 = 0. Suppose -2*b = -h*y - y + 466, -b + 235 = 2*y. What is the remainder when y is divided by v?
27
Suppose 0 = 3*d + 2*g - 96, -4*g - 11 = -2*d + 21. Calculate the remainder when 2153 is divided by d.
25
Suppose -315 = 19*h - 4786 - 1229. What is the remainder when 651 is divided by h?
51
Suppose -3*f = -4*c + 4794, 8*c - 4214 - 5434 = -4*f. Calculate the remainder when c is divided by 191.
57
Let m be -1 + (-6)/(4 - 7). Let k be -18 - m*(0 - 2). What is the remainder when 113 is divided by 928/k*1/(-2)?
26
Suppose 48 = 7*q + 20. Calculate the remainder when ((-11)/(275/(-30)))/(q/60) is divided by 4.
2
Suppose 4*l + 314 = -o - 338, -806 = 5*l - o. Calculate the remainder when 2 - (6 + l - 5) is divided by 21.
16
Let q = -70 - -123. Suppose 0 = -c + 5*c - 20. Let s(z) = 4*z - 2. Calculate the remainder when q is divided by s(c).
17
Let o = 8732 + -8261. Calculate the remainder when o is divided by